 the ten thousands digit of 1289513?
8
What is the ten thousands digit of 329334?
2
What is the hundreds digit of 3433039?
0
What is the hundred thousands digit of 525102?
5
What is the millions digit of 9553859?
9
What is the thousands digit of 3281891?
1
What is the tens digit of 396289?
8
What is the ten thousands digit of 137879?
3
What is the units digit of 757183?
3
What is the units digit of 198800?
0
What is the ten thousands digit of 5423304?
2
What is the thousands digit of 568894?
8
What is the hundreds digit of 578654?
6
What is the thousands digit of 540942?
0
What is the thousands digit of 5893634?
3
What is the ten millions digit of 12996397?
1
What is the units digit of 247009?
9
What is the hundred thousands digit of 710170?
7
What is the tens digit of 1580709?
0
What is the thousands digit of 235741?
5
What is the tens digit of 307541?
4
What is the tens digit of 1051818?
1
What is the ten thousands digit of 1566715?
6
What is the tens digit of 140844?
4
What is the hundreds digit of 330722?
7
What is the hundred thousands digit of 458935?
4
What is the tens digit of 24594?
9
What is the ten thousands digit of 6830808?
3
What is the hundred thousands digit of 5886693?
8
What is the tens digit of 25681?
8
What is the thousands digit of 6445024?
5
What is the hundred thousands digit of 1351646?
3
What is the ten thousands digit of 7051146?
5
What is the hundreds digit of 10399464?
4
What is the units digit of 1076618?
8
What is the thousands digit of 23052?
3
What is the ten thousands digit of 21062428?
6
What is the tens digit of 7405033?
3
What is the hundred thousands digit of 19113970?
1
What is the ten thousands digit of 4733667?
3
What is the ten thousands digit of 240120?
4
What is the hundred thousands digit of 388845?
3
What is the tens digit of 167032?
3
What is the tens digit of 9465266?
6
What is the hundred thousands digit of 3859259?
8
What is the hundred thousands digit of 6088349?
0
What is the units digit of 96216?
6
What is the units digit of 537190?
0
What is the hundred thousands digit of 6240805?
2
What is the hundreds digit of 782085?
0
What is the ten thousands digit of 815159?
1
What is the millions digit of 3215017?
3
What is the hundred thousands digit of 248527?
2
What is the tens digit of 1435314?
1
What is the millions digit of 29309716?
9
What is the hundreds digit of 301134?
1
What is the hundred thousands digit of 556176?
5
What is the millions digit of 5187846?
5
What is the hundred thousands digit of 332853?
3
What is the ten thousands digit of 198362?
9
What is the tens digit of 1877393?
9
What is the units digit of 35861985?
5
What is the ten thousands digit of 20013183?
1
What is the hundreds digit of 13439634?
6
What is the thousands digit of 5094916?
4
What is the tens digit of 3435391?
9
What is the tens digit of 38863?
6
What is the millions digit of 1547672?
1
What is the units digit of 17022735?
5
What is the ten thousands digit of 47839?
4
What is the ten thousands digit of 2051286?
5
What is the hundreds digit of 3396142?
1
What is the tens digit of 200483?
8
What is the ten thousands digit of 556956?
5
What is the hundreds digit of 3180?
1
What is the thousands digit of 870873?
0
What is the hundreds digit of 1774400?
4
What is the ten thousands digit of 101379?
0
What is the hundred thousands digit of 6759015?
7
What is the ten millions digit of 14880512?
1
What is the tens digit of 112658?
5
What is the ten thousands digit of 432159?
3
What is the millions digit of 14217260?
4
What is the hundreds digit of 158974?
9
What is the hundreds digit of 1328710?
7
What is the tens digit of 74672?
7
What is the units digit of 266077?
7
What is the hundreds digit of 2822600?
6
What is the thousands digit of 10292822?
2
What is the hundreds digit of 6591946?
9
What is the units digit of 466070?
0
What is the tens digit of 2796253?
5
What is the hundred thousands digit of 5666172?
6
What is the tens digit of 380227?
2
What is the tens digit of 6308684?
8
What is the thousands digit of 445068?
5
What is the hundred thousands digit of 353601?
3
What is the ten thousands digit of 2241051?
4
What is the thousands digit of 16749569?
9
What is the units digit of 2136494?
4
What is the thousands digit of 2946178?
6
What is the thousands digit of 380925?
0
What is the hundreds digit of 650626?
6
What is the thousands digit of 1224935?
4
What is the tens digit of 535855?
5
What is the hundreds digit of 12461453?
4
What is the thousands digit of 1915875?
5
What is the hundred thousands digit of 247126?
2
What is the millions digit of 12890612?
2
What is the ten thousands digit of 66930?
6
What is the tens digit of 77698?
9
What is the ten thousands digit of 3852268?
5
What is the millions digit of 1879483?
1
What is the ten millions digit of 20993681?
2
What is the tens digit of 277886?
8
What is the hundreds digit of 256316?
3
What is the ten thousands digit of 200941?
0
What is the tens digit of 10559704?
0
What is the hundreds digit of 540107?
1
What is the ten millions digit of 10176222?
1
What is the ten thousands digit of 5642784?
4
What is the units digit of 124498?
8
What is the hundreds digit of 19548305?
3
What is the units digit of 573829?
9
What is the units digit of 195815?
5
What is the millions digit of 1197486?
1
What is the hundreds digit of 5195998?
9
What is the tens digit of 1054317?
1
What is the units digit of 18027?
7
What is the ten thousands digit of 1168889?
6
What is the millions digit of 1756616?
1
What is the hundreds digit of 190766?
7
What is the hundred thousands digit of 1236368?
2
What is the units digit of 122938?
8
What is the units digit of 3609522?
2
What is the hundreds digit of 184885?
8
What is the hundred thousands digit of 5654845?
6
What is the hundred thousands digit of 160842?
1
What is the ten millions digit of 12966747?
1
What is the thousands digit of 5179982?
9
What is the ten thousands digit of 18206835?
0
What is the units digit of 4191071?
1
What is the millions digit of 10566933?
0
What is the units digit of 692525?
5
What is the hundred thousands digit of 115024?
1
What is the tens digit of 1500015?
1
What is the units digit of 4604329?
9
What is the ten thousands digit of 333121?
3
What is the tens digit of 593036?
3
What is the ten thousands digit of 277151?
7
What is the ten thousands digit of 513258?
1
What is the hundreds digit of 50880?
8
What is the hundred thousands digit of 12692959?
6
What is the units digit of 6096088?
8
What is the units digit of 385570?
0
What is the tens digit of 1503835?
3
What is the ten thousands digit of 96941?
9
What is the thousands digit of 376724?
6
What is the hundreds digit of 327431?
4
What is the hundred thousands digit of 184133?
1
What is the hundred thousands digit of 1206074?
2
What is the ten millions digit of 25191827?
2
What is the ten thousands digit of 307120?
0
What is the thousands digit of 460527?
0
What is the hundreds digit of 17310?
3
What is the hundred thousands digit of 982448?
9
What is the units digit of 109216?
6
What is the hundred thousands digit of 1320077?
3
What is the thousands digit of 33022698?
2
What is the thousands digit of 2216215?
6
What is the hundred thousands digit of 7871569?
8
What is the hundreds digit of 2696725?
7
What is the tens digit of 717744?
4
What is the ten thousands digit of 7967708?
6
What is the hundreds digit of 312241?
2
What is the ten thousands digit of 32370192?
7
What is the tens digit of 1362151?
5
What is the ten thousands digit of 25517991?
1
What is the hundreds digit of 28431764?
7
What is the hundreds digit of 133486?
4
What is the thousands digit of 33962343?
2
What is the hundreds digit of 9529300?
3
What is the thousands digit of 320616?
0
What is the thousands digit of 324151?
4
What is the ten millions digit of 34328059?
3
What is the millions digit of 5533837?
5
What is the tens digit of 4091554?
5
What is the thousands digit of 597347?
7
What is the ten thousands digit of 246047?
4
What is the hundreds digit of 455841?
8
What is the units digit of 1387083?
3
What is the ten thousands digit of 3340910?
4
What is the ten thousands digit of 27813116?
1
What is the ten thousands digit of 404602?
0
What is the ten thousands digit of 54